Suppose -i*q - 25 = -11*q. Determine n(q).
-2
Let k = 2 + 0. Let o(z) = -z - z**3 - 4*z + 3*z - 3*z**k. Suppose 2*v - 11 = 3*m, -1 = -0*m + 2*m + 5*v. What is o(m)?
6
Let w(d) = d**3 + 6*d**2 - 7*d + 7. Let c be w(-7). Let a(m) = c - 1 + 1 + 0 - m - 2*m**2. Let s(g) = g**2 + g - 3. Let f(b) = 2*a(b) + 5*s(b). Calculate f(-4).
3
Let d(y) = -4*y**3 - 3*y**2 + 4*y + 4. Let w(t) = t**3 - t - 1. Let p(i) = d(i) + 3*w(i). Suppose 4*u = 2*u, 5*x + 15 = 4*u. Determine p(x).
-2
Let x(v) = -v - 5. Suppose 3*b - 3*z + 31 = -b, -4*z = -4*b - 32. Let p = -12 - b. What is x(p)?
0
Let x(k) = 6*k - 2. Suppose 15 = -j + 12. Calculate x(j).
-20
Let j = 23 - 19. Let v(x) = x**2 - 5*x - 1. Determine v(j).
-5
Let p(v) be the third derivative of -v**6/60 - v**5/20 + 2*v**3/3 + 4*v**2. Let k(w) = w**3 - 1. Let z(t) = -k(t) - p(t). What is z(-3)?
-3
Let p = 29 - 29. Let i(w) = -2 - 5*w + 4 + 4*w. Calculate i(p).
2
Let o(p) = -11 - p**2 - 9*p - 4*p + 4*p. Let c be o(-8). Let d(y) = -y**3 - 3*y**2 - 3. Calculate d(c).
-3
Let g(o) be the second derivative of o**3/6 + o**2 - 30*o. Let h(y) = y**3 + 6*y**2 + 4*y + 5. Let z be h(-5). Suppose 0*u - 5*u = -z. Determine g(u).
4
Suppose 103 = -4*k + 19. Let m be 28/k*(-3)/(-2). Let s(j) = -7*j - 2. What is s(m)?
12
Suppose 0 = -5*h - 4*y + 2, 0 = -4*h - y - 3*y. Let f(z) = 0*z**2 + 2*z**2 + 0*z**2 + 2 + 0*z**2. Determine f(h).
10
Let q(b) be the second derivative of -b**6/60 + b**5/30 + b**4/24 - 3*b**2 + 5*b. Let g(p) be the first derivative of q(p). What is g(2)?
-6
Suppose 2*d = 4*d. Let q(j) = 3*j - 5 - 4*j + d*j. What is q(-5)?
0
Let h(a) = -a**2 - 5*a + 2. Let g = -3 + 9. Suppose -3 = y - 2*d + g, 0 = 5*d - 15. What is h(y)?
8
Let j(i) = i - 2. Suppose -2*h + 15 = h. Suppose 0 = s - h*s + 16. What is j(s)?
2
Let l(q) = -q**3 - 4*q**2 + 4*q - 2. Suppose 3 = -2*b - 7. Determine l(b).
3
Let x = 897/8 + -112. Let d(s) be the third derivative of 0 - 5/6*s**3 - 2*s**2 - x*s**4 + 0*s. Calculate d(-4).
7
Let o(i) = i - 1. Let m = 41 - 29. Suppose -p = -4*s + 3*p + m, s + 3*p - 15 = 0. Calculate o(s).
5
Let d(g) = 3*g - 2. Let y(v) be the second derivative of -v**3 + 5*v**2/2 - 4*v. Let n(l) = 5*d(l) + 2*y(l). Determine n(4).
12
Let m(z) = 6*z + 3. Let r(w) = -6*w - 4. Let l(g) = 6*m(g) + 5*r(g). Suppose -p = -5*p - 8. What is l(p)?
-14
Let y = -33 + 35. Let r(a) = -a + 1. Let x(n) = 4*n - 4. Let d(z) = -22*r(z) - 6*x(z). Determine d(y).
-2
Let c(k) = 16*k + 19. Let u(v) = -11*v - 13. Suppose -24 = -4*h + 2*z - 0*z, -2*z + 18 = 2*h. Let x(o) = h*u(o) + 5*c(o). Calculate x(-4).
-8
Let d(o) = -o - 1. Let z(g) = -4*g - 4. Let m(y) = -7*d(y) + 2*z(y). Let a be (-45)/(-6)*(-6)/(-9). Give m(a).
-6
Let q be ((-2)/2)/((-2)/4). Let c(h) = 1 - 3*h + h + 3*h - 2 + h**q. Give c(2).
5
Let d(z) = -z - 7. Suppose -2*g + 5 = -u - 2*u, -3*g = -4*u - 5. What is d(g)?
-2
Let v(u) be the third derivative of 0 - 2*u**2 - 1/2*u**3 + 1/360*u**6 - 1/40*u**5 + 0*u - 1/6*u**4. Let n(x) be the first derivative of v(x). Give n(5).
6
Let z(n) = -n - 6. Let u = 45 + -52. Determine z(u).
1
Let r(u) = -u. Let y(c) = -5*c - 1. Let n(j) = 9*r(j) - 2*y(j). Determine n(6).
8
Let s(z) = -224*z - 40. Let o(c) = 17*c + 3. Let a(p) = -40*o(p) - 3*s(p). Suppose -h - 5 + 4 = 0. Give a(h).
8
Let m(d) be the third derivative of -1/3*d**3 - 1/60*d**5 - 3*d**2 + 0*d - 1/6*d**4 + 0. Calculate m(-3).
1
Suppose 5*z - 3*z + 2*f - 46 = 0, 3*f = 0. Let o = 15 - z. Let d = o - -8. Let q(w) = w**2 + w - 2. What is q(d)?
-2
Let y(s) = s + 2. Let d be 32/5 + (-2)/5. Let t = d - 8. Calculate y(t).
0
Suppose -4*i + 5*q + 24 = 3*q, 3*q = -5*i + 41. Let m(u) = -u + 2. Calculate m(i).
-5
Let t(u) = 4*u + 1. Let z = 3 + -4. Let c = 0 + z. Let x be (-1)/c*(-2 + 1). What is t(x)?
-3
Let f(w) = 9*w + 1. Let d(b) = 28*b + 4. Let z(c) = 5*d(c) - 16*f(c). Calculate z(3).
-8
Let h = 57 - 57. Let g(r) = r**2 + 3. Calculate g(h).
3
Let q(i) = -i - 5. Let h be (-1)/8 - 100/(-32). Suppose j = -2*j + 4*x + 12, h*x + 9 = -5*j. Calculate q(j).
-5
Let d(h) = -3*h - 16. Let q = 15 - 20. Let t be d(q). Let o(s) = 8*s**3 - s**2 + s + 1. Determine o(t).
-9
Let g(w) be the first derivative of 7/2*w**2 + 1 - 7*w - 1/3*w**3. Calculate g(5).
3
Let g(d) = 4 - 4 - 6*d**2 + 1. Let y(t) = -2*t + 2*t - 4*t + 0*t**2 - 2 - t**2. Let f be y(-3). What is g(f)?
-5
Let w(i) be the second derivative of i**4/4 - i**2/2 + i. Let p(z) = -z + 8. Suppose -y - 3*s = -6*s - 18, 0 = -y - 3*s. Let k be p(y). Determine w(k).
2
Let f be 2 + (-3 - -7 - 2). Let y(x) = 1 + 0 - f - 2*x + 1. Let p be ((-4)/3)/(4/12). Determine y(p).
6
Let h(j) be the first derivative of j**2 + j + 9. What is h(2)?
5
Let o(v) = -v**3 - 6*v**2 - 4*v + 4. Suppose -3*x - 16 = x. Let y(t) = -t**3 - 6*t**2 - 4*t + 3. Let g(f) = x*y(f) + 3*o(f). Calculate g(-5).
5
Let n(c) be the first derivative of 1/2*c**2 + 1/6*c**4 - 2 - 1/60*c**5 - 1/2*c**3 + 0*c. Let s(k) be the second derivative of n(k). What is s(3)?
0
Let p(g) = g. Let n be p(-4). Let r = 2 + n. Let j be 4 + r*(-1)/(-2). Let y(u) = -2*u - 4. Determine y(j).
-10
Let d(p) = 1 - 3*p + p**3 - 2*p + 1 + 0 - 3*p**2. Let s be (1 + 1)*5*1. Let r = s + -6. Determine d(r).
-2
Let b(x) = -x**3 - 7*x**2 - 10*x - 1. Let h(o) = -2*o**3 - 8*o**2 - 11*o - 2. Let z(a) = 3*b(a) - 2*h(a). Calculate z(6).
-11
Suppose -3*l = -3 + 18. Let k(q) = -9*q + 2 + 0 + 24*q + 2*q**2. Let s(a) = a**2 + 8*a + 1. Let m(w) = -3*k(w) + 5*s(w). Give m(l).
-1
Let o = -154 - -150. Let z(t) be the first derivative of -1 + 1/2*t**2 + 5*t. Determine z(o).
1
Let b(u) = 2*u**2 - 9*u - 7. Let z(w) = w**2 - 4*w - 3. Let k = 2 + -11. Let h(f) = k*z(f) + 4*b(f). Give h(3).
-10
Suppose -2*t = 4, -2*o = -4*o - 5*t - 6. Let g(u) = -4*u + o - u - u**2 + 2. Let m(w) = -w + 1. Let c(z) = -g(z) + 2*m(z). Give c(-3).
-2
Let r(f) = f**2 - 7*f + 6. Suppose 2*g + 8 = 0, -q - 2*g - 10 = -g. Let l = 4 + q. Let s be ((-1)/(-3))/(l/(-30)). Calculate r(s).
-4
Let n(u) = 3*u**3 + 5*u**2 + 4*u + 4. Let a be (-20)/(-90) - 34/(-9). Let q(s) = 5*s**3 + 9*s**2 + 7*s + 7. Let x(m) = a*q(m) - 7*n(m). What is x(1)?
0
Let c(x) = x**2 + x - 5. Let l(g) = -2*g**2 + 14*g. Let p be l(7). What is c(p)?
-5
Let y = -1 + 1. Suppose y = -3*b + 8*b. Let q(r) = -r**3 + r**2 + r. Let s(z) = 1. Let h(p) = -q(p) + 4*s(p). Give h(b).
4
Let b(j) = 2*j + 1. Suppose 34 = -4*l + 2*y, 6*l - 2*l + 2*y + 14 = 0. Give b(l).
-11
Let d(b) = 2*b**3 + 0*b + 5*b + 0 - 2*b**2 - 3*b - 1. Give d(1).
1
Let i(y) = -y. Let w(f) = -7*f - 2. Suppose o = -0*o - 12. Let u be ((-6)/o)/(2/(-24)). Let v(q) = u*i(q) + w(q). Calculate v(-2).
0
Let f(h) be the third derivative of 6*h**2 + h**3 + 0*h - 1/30*h**5 + 0 + 1/120*h**6 - 7/24*h**4. Determine f(4).
10
Suppose -3 = 5*m - 33. Let j be m/4*30/9. Let d(l) = -3 + j*l + l**3 - l**2 + 3*l**2 - 8*l. Determine d(-2).
3
Suppose 0 = -3*w + 7*w - 12. Suppose w*o + o - 20 = 0. Let i(g) = -g + 1. Give i(o).
-4
Let q(d) be the second derivative of -d**5/20 + d**3/6 - 2*d**2 - 33*d. Let o(g) = -g**3 + 3*g**2 - g - 2. Let i be o(2). Calculate q(i).
-4
Let q(l) = 6 + l - 8*l + 8*l. Determine q(6).
12
Let c(b) = 17*b - 36*b - 3 + 22*b. Give c(3).
6
Let v(f) be the first derivative of -f**2/2 - 4*f + 16. Give v(-3).
-1
Suppose -15 = -t - 4*t. Let n = -17 + 24. Suppose t*s - o = -2*s + 8, 5*s + 4*o + n = 0. Let z(h) = -4*h**2 - h. Give z(s).
-5
Let z(i) = -i**3 + 5*i**2 - 2*i - 1. Suppose 4*g = 3*n + 19, 2*n + 0 + 2 = 0. What is z(g)?
7
Let k(j) = -2*j - 1. Let o(i) = i**3 - 13*i**2 - i + 15. Let l be o(13). Let p = l - 8. Determine k(p).
11
Let q(d) be the third derivative of d**5/20 + 5*d**4/24 - d**3/6 - 17*d**2. Calculate q(-4).
27
Let o(a) = 2 + 3*a**3 - 4 - 2*a**3. Suppose 3*z - 10 = 17. Suppose 2*l - l - z = -3*y, -2*l + 14 = 4*y. Calculate o(y).
6
Let i(m) = m**3 + m**2 - m. Let x be i(-2). Let s(t) be the third derivative of -t**4/8 + t**3/6 - 24*t**2. What is s(x)?
7
Suppose -3*i - 2*i - 8 = 3*y, -y - 5*i + 14 = 0. Let o be 1/((-29)/(-15) - 2). Let z = o - y. Let m(w) = -w - 1. What is m(z)?
3
Let h(b) = 3*b**2 + 4*b + 3. Let u be 2/(-6)*(-12)/(-2). Calculate h(u).
7
Let c(i) = 32*i**2 - 4*i + 12*i - 40*i**2 - 10 + i**3. Give c(7).
-3
Let g(q) = -q**3 + 3*q**3 - 4*q**3 - q. Determine g(1).
-3
Suppose -h - 4*h = 10, 3*f = -4*h - 20. Let i(y) be the third derivative of 4